[INFO] cloning repository https://github.com/TorstenCScholz/winapi-open-notepad
[INFO] running `Command { std: "git" "-c" "credential.helper=" "-c" "credential.helper=/workspace/cargo-home/bin/git-credential-null" "clone" "--bare" "https://github.com/TorstenCScholz/winapi-open-notepad" "/workspace/cache/git-repos/https%3A%2F%2Fgithub.com%2FTorstenCScholz%2Fwinapi-open-notepad", kill_on_drop: false }`
[INFO] [stderr] Cloning into bare repository '/workspace/cache/git-repos/https%3A%2F%2Fgithub.com%2FTorstenCScholz%2Fwinapi-open-notepad'...
[INFO] running `Command { std: "git" "rev-parse" "HEAD", kill_on_drop: false }`
[INFO] [stdout] 462d8b41cd01fd3ca96d514f9454b78455626f38
[INFO] checking TorstenCScholz/winapi-open-notepad against master#af3c6e733a40e671550e0f0f5aeecaa13772ba56 for pr-74989
[INFO] running `Command { std: "git" "clone" "/workspace/cache/git-repos/https%3A%2F%2Fgithub.com%2FTorstenCScholz%2Fwinapi-open-notepad" "/workspace/builds/worker-14/source", kill_on_drop: false }`
[INFO] [stderr] Cloning into '/workspace/builds/worker-14/source'...
[INFO] [stderr] done.
[INFO] validating manifest of git repo https://github.com/TorstenCScholz/winapi-open-notepad on toolchain af3c6e733a40e671550e0f0f5aeecaa13772ba56
[INFO] running `Command { std: "/workspace/cargo-home/bin/cargo" "+af3c6e733a40e671550e0f0f5aeecaa13772ba56" "read-manifest" "--manifest-path" "Cargo.toml", kill_on_drop: false }`
[INFO] started tweaking git repo https://github.com/TorstenCScholz/winapi-open-notepad
[INFO] finished tweaking git repo https://github.com/TorstenCScholz/winapi-open-notepad
[INFO] tweaked toml for git repo https://github.com/TorstenCScholz/winapi-open-notepad written to /workspace/builds/worker-14/source/Cargo.toml
[INFO] crate git repo https://github.com/TorstenCScholz/winapi-open-notepad already has a lockfile, it will not be regenerated
[INFO] running `Command { std: "/workspace/cargo-home/bin/cargo" "+af3c6e733a40e671550e0f0f5aeecaa13772ba56" "fetch" "--locked" "--manifest-path" "Cargo.toml", kill_on_drop: false }`
[INFO] running `Command { std: "docker" "create" "-v" "/var/lib/crater-agent-workspace/builds/worker-14/target:/opt/rustwide/target:rw,Z" "-v" "/var/lib/crater-agent-workspace/builds/worker-14/source:/opt/rustwide/workdir:ro,Z" "-v" "/var/lib/crater-agent-workspace/cargo-home:/opt/rustwide/cargo-home:ro,Z" "-v" "/var/lib/crater-agent-workspace/rustup-home:/opt/rustwide/rustup-home:ro,Z" "-e" "SOURCE_DIR=/opt/rustwide/workdir" "-e" "CARGO_TARGET_DIR=/opt/rustwide/target" "-e" "CARGO_HOME=/opt/rustwide/cargo-home" "-e" "RUSTUP_HOME=/opt/rustwide/rustup-home" "-w" "/opt/rustwide/workdir" "-m" "1610612736" "--user" "0:0" "--network" "none" "rustops/crates-build-env@sha256:d92eaeed33fa75130ca1ee6c8a01d1ffb62bac859dfdfb3450e3e5d1c0146529" "/opt/rustwide/cargo-home/bin/cargo" "+af3c6e733a40e671550e0f0f5aeecaa13772ba56" "metadata" "--no-deps" "--format-version=1", kill_on_drop: false }`
[INFO] [stdout] 3de8015ddf225a254b16480c5c035642200e2d9e8e4e7b4c95bf173137cef0de
[INFO] [stderr] WARNING: Your kernel does not support swap limit capabilities or the cgroup is not mounted. Memory limited without swap.
[INFO] running `Command { std: "docker" "start" "-a" "3de8015ddf225a254b16480c5c035642200e2d9e8e4e7b4c95bf173137cef0de", kill_on_drop: false }`
[INFO] running `Command { std: "docker" "inspect" "3de8015ddf225a254b16480c5c035642200e2d9e8e4e7b4c95bf173137cef0de", kill_on_drop: false }`
[INFO] running `Command { std: "docker" "rm" "-f" "3de8015ddf225a254b16480c5c035642200e2d9e8e4e7b4c95bf173137cef0de", kill_on_drop: false }`
[INFO] [stdout] 3de8015ddf225a254b16480c5c035642200e2d9e8e4e7b4c95bf173137cef0de
[INFO] running `Command { std: "docker" "create" "-v" "/var/lib/crater-agent-workspace/builds/worker-14/target:/opt/rustwide/target:rw,Z" "-v" "/var/lib/crater-agent-workspace/builds/worker-14/source:/opt/rustwide/workdir:ro,Z" "-v" "/var/lib/crater-agent-workspace/cargo-home:/opt/rustwide/cargo-home:ro,Z" "-v" "/var/lib/crater-agent-workspace/rustup-home:/opt/rustwide/rustup-home:ro,Z" "-e" "SOURCE_DIR=/opt/rustwide/workdir" "-e" "CARGO_TARGET_DIR=/opt/rustwide/target" "-e" "CARGO_INCREMENTAL=0" "-e" "RUST_BACKTRACE=full" "-e" "RUSTFLAGS=--cap-lints=forbid" "-e" "CARGO_HOME=/opt/rustwide/cargo-home" "-e" "RUSTUP_HOME=/opt/rustwide/rustup-home" "-w" "/opt/rustwide/workdir" "-m" "1610612736" "--user" "0:0" "--network" "none" "rustops/crates-build-env@sha256:d92eaeed33fa75130ca1ee6c8a01d1ffb62bac859dfdfb3450e3e5d1c0146529" "/opt/rustwide/cargo-home/bin/cargo" "+af3c6e733a40e671550e0f0f5aeecaa13772ba56" "check" "--frozen" "--all" "--all-targets" "--message-format=json", kill_on_drop: false }`
[INFO] [stdout] bd9993e52097d6aabfaf0ed91a9302a117f7af0ffd345fcc70a64b4add386234
[INFO] [stderr] WARNING: Your kernel does not support swap limit capabilities or the cgroup is not mounted. Memory limited without swap.
[INFO] running `Command { std: "docker" "start" "-a" "bd9993e52097d6aabfaf0ed91a9302a117f7af0ffd345fcc70a64b4add386234", kill_on_drop: false }`
[INFO] [stderr]     Blocking waiting for file lock on package cache
[INFO] [stderr]     Blocking waiting for file lock on package cache
[INFO] [stderr]    Compiling winapi-build v0.1.1
[INFO] [stderr]     Checking winapi v0.2.8
[INFO] [stderr]    Compiling user32-sys v0.2.0
[INFO] [stderr]     Checking winapi-hello v0.1.0 (/opt/rustwide/workdir)
[INFO] [stdout] error[E0433]: failed to resolve: could not find `windows` in `os`
[INFO] [stdout]  --> src/main.rs:6:14
[INFO] [stdout]   |
[INFO] [stdout] 6 | use std::os::windows::ffi::OsStrExt;
[INFO] [stdout]   |              ^^^^^^^ could not find `windows` in `os`
[INFO] [stdout] 
[INFO] [stdout] 
[INFO] [stdout] error[E0425]: cannot find function, tuple struct or tuple variant `FindWindowW` in crate `user32`
[INFO] [stdout]   --> src/main.rs:19:17
[INFO] [stdout]    |
[INFO] [stdout] 19 |         user32::FindWindowW(null_mut(), wide.as_ptr())
[INFO] [stdout]    |                 ^^^^^^^^^^^ not found in `user32`
[INFO] [stdout] 
[INFO] [stdout] 
[INFO] [stdout] error[E0425]: cannot find function, tuple struct or tuple variant `SendMessageW` in crate `user32`
[INFO] [stdout]   --> src/main.rs:27:21
[INFO] [stdout]    |
[INFO] [stdout] 27 |             user32::SendMessageW(ret, 0x0010, 0, 0)
[INFO] [stdout]    |                     ^^^^^^^^^^^^ not found in `user32`
[INFO] [stdout] 
[INFO] [stdout] 
[INFO] [stdout] error[E0433]: failed to resolve: could not find `windows` in `os`
[INFO] [stdout]  --> src/main.rs:6:14
[INFO] [stdout]   |
[INFO] [stdout] 6 | use std::os::windows::ffi::OsStrExt;
[INFO] [stdout]   |              ^^^^^^^ could not find `windows` in `os`
[INFO] [stdout] 
[INFO] [stdout] 
[INFO] [stdout] error[E0425]: cannot find function, tuple struct or tuple variant `FindWindowW` in crate `user32`
[INFO] [stdout]   --> src/main.rs:19:17
[INFO] [stdout]    |
[INFO] [stdout] 19 |         user32::FindWindowW(null_mut(), wide.as_ptr())
[INFO] [stdout]    |                 ^^^^^^^^^^^ not found in `user32`
[INFO] [stdout] 
[INFO] [stdout] 
[INFO] [stdout] error[E0425]: cannot find function, tuple struct or tuple variant `SendMessageW` in crate `user32`
[INFO] [stdout]   --> src/main.rs:27:21
[INFO] [stdout]    |
[INFO] [stdout] 27 |             user32::SendMessageW(ret, 0x0010, 0, 0)
[INFO] [stdout]    |                     ^^^^^^^^^^^^ not found in `user32`
[INFO] [stdout] 
[INFO] [stdout] 
[INFO] [stdout] error[E0599]: no method named `encode_wide` found for reference `&OsStr` in the current scope
[INFO] [stdout]   --> src/main.rs:17:51
[INFO] [stdout]    |
[INFO] [stdout] 17 |     let wide: Vec<u16> = OsStr::new(window_title).encode_wide().chain(once(0)).collect();
[INFO] [stdout]    |                                                   ^^^^^^^^^^^ method not found in `&OsStr`
[INFO] [stdout] 
[INFO] [stdout] 
[INFO] [stdout] error: aborting due to 4 previous errors
[INFO] [stdout] 
[INFO] [stdout] 
[INFO] [stdout] Some errors have detailed explanations: E0425, E0433, E0599.
[INFO] [stdout] 
[INFO] [stdout] For more information about an error, try `rustc --explain E0425`.
[INFO] [stdout] 
[INFO] [stderr] error: could not compile `winapi-hello`.
[INFO] [stdout] error[E0599]: no method named `encode_wide` found for reference `&OsStr` in the current scope
[INFO] [stdout]   --> src/main.rs:17:51
[INFO] [stdout]    |
[INFO] [stdout] 17 |     let wide: Vec<u16> = OsStr::new(window_title).encode_wide().chain(once(0)).collect();
[INFO] [stdout]    |                                                   ^^^^^^^^^^^ method not found in `&OsStr`
[INFO] [stdout] 
[INFO] [stdout] 
[INFO] [stderr] 
[INFO] [stderr] To learn more, run the command again with --verbose.
[INFO] [stderr] warning: build failed, waiting for other jobs to finish...
[INFO] [stdout] error: aborting due to 4 previous errors
[INFO] [stdout] 
[INFO] [stdout] 
[INFO] [stdout] Some errors have detailed explanations: E0425, E0433, E0599.
[INFO] [stdout] 
[INFO] [stdout] For more information about an error, try `rustc --explain E0425`.
[INFO] [stdout] 
[INFO] [stderr] error: build failed
[INFO] running `Command { std: "docker" "inspect" "bd9993e52097d6aabfaf0ed91a9302a117f7af0ffd345fcc70a64b4add386234", kill_on_drop: false }`
[INFO] running `Command { std: "docker" "rm" "-f" "bd9993e52097d6aabfaf0ed91a9302a117f7af0ffd345fcc70a64b4add386234", kill_on_drop: false }`
[INFO] [stdout] bd9993e52097d6aabfaf0ed91a9302a117f7af0ffd345fcc70a64b4add386234
